{"id":105,"date":"2023-08-14T09:05:09","date_gmt":"2023-08-14T07:05:09","guid":{"rendered":"https:\/\/tliu.fr\/?page_id=105"},"modified":"2023-08-27T09:14:59","modified_gmt":"2023-08-27T07:14:59","slug":"informations-et-documents-generaux","status":"publish","type":"page","link":"https:\/\/tliu.fr\/index.php\/vie-de-classe\/informations-et-documents-generaux\/","title":{"rendered":"Informations et documents g\u00e9n\u00e9raux"},"content":{"rendered":"<ul style=\"padding-top:0;padding-bottom:0;padding-left:0;padding-right:0;\" class=\"wp-block-latest-posts__list is-grid columns-3 alignwide wp-block-latest-posts has-medium-font-size\"><li><a class=\"wp-block-latest-posts__post-title\" href=\"https:\/\/tliu.fr\/index.php\/2024\/09\/01\/consignes-de-redaction-et-presentation-aux-ecrits-de-concours\/\">Consignes de r\u00e9daction et pr\u00e9sentation aux \u00e9crits de concours<\/a><div class=\"wp-block-latest-posts__post-excerpt\"><\/div><\/li>\n<li><a class=\"wp-block-latest-posts__post-title\" href=\"https:\/\/tliu.fr\/index.php\/2023\/11\/30\/attendus-pedagogiques-tipe\/\">Attendus p\u00e9dagogiques TIPE<\/a><div class=\"wp-block-latest-posts__post-excerpt\">Version 2025-2026<\/div><\/li>\n<li><a class=\"wp-block-latest-posts__post-title\" href=\"https:\/\/tliu.fr\/index.php\/2023\/08\/27\/programme-de-physique-pcsi-version-2021\/\">Programme de physique PCSI<\/a><div class=\"wp-block-latest-posts__post-excerpt\">Programme officiel de physique de la classe de PCSI (version 2021).<\/div><\/li>\n<\/ul>","protected":false},"excerpt":{"rendered":"","protected":false},"author":1,"featured_media":0,"parent":103,"menu_order":1,"comment_status":"closed","ping_status":"closed","template":"","meta":{"om_disable_all_campaigns":false,"_monsterinsights_skip_tracking":false,"_monsterinsights_sitenote_active":false,"_monsterinsights_sitenote_note":"","_monsterinsights_sitenote_category":0,"_EventAllDay":false,"_EventTimezone":"","_EventStartDate":"","_EventEndDate":"","_EventStartDateUTC":"","_EventEndDateUTC":"","_EventShowMap":false,"_EventShowMapLink":false,"_EventURL":"","_EventCost":"","_EventCostDescription":"","_EventCurrencySymbol":"","_EventCurrencyCode":"","_EventCurrencyPosition":"","_EventDateTimeSeparator":"","_EventTimeRangeSeparator":"","_EventOrganizerID":[],"_EventVenueID":[],"_OrganizerEmail":"","_OrganizerPhone":"","_OrganizerWebsite":"","_VenueAddress":"","_VenueCity":"","_VenueCountry":"","_VenueProvince":"","_VenueState":"","_VenueZip":"","_VenuePhone":"","_VenueURL":"","_VenueStateProvince":"","_VenueLat":"","_VenueLng":"","_VenueShowMap":false,"_VenueShowMapLink":false,"footnotes":""},"class_list":["post-105","page","type-page","status-publish","hentry"],"aioseo_notices":[],"_links":{"self":[{"href":"https:\/\/tliu.fr\/index.php\/wp-json\/wp\/v2\/pages\/105","targetHints":{"allow":["GET"]}}],"collection":[{"href":"https:\/\/tliu.fr\/index.php\/wp-json\/wp\/v2\/pages"}],"about":[{"href":"https:\/\/tliu.fr\/index.php\/wp-json\/wp\/v2\/types\/page"}],"author":[{"embeddable":true,"href":"https:\/\/tliu.fr\/index.php\/wp-json\/wp\/v2\/users\/1"}],"replies":[{"embeddable":true,"href":"https:\/\/tliu.fr\/index.php\/wp-json\/wp\/v2\/comments?post=105"}],"version-history":[{"count":6,"href":"https:\/\/tliu.fr\/index.php\/wp-json\/wp\/v2\/pages\/105\/revisions"}],"predecessor-version":[{"id":257,"href":"https:\/\/tliu.fr\/index.php\/wp-json\/wp\/v2\/pages\/105\/revisions\/257"}],"up":[{"embeddable":true,"href":"https:\/\/tliu.fr\/index.php\/wp-json\/wp\/v2\/pages\/103"}],"wp:attachment":[{"href":"https:\/\/tliu.fr\/index.php\/wp-json\/wp\/v2\/media?parent=105"}],"curies":[{"name":"wp","href":"https:\/\/api.w.org\/{rel}","templated":true}]}}